(224 - 224)).
-62
What is 5 + 4 + (50 - 47) + -14?
-2
What is the value of (-30 - 10) + 2 + 14?
-24
What is the value of 6 + -54 - (-65 - (78 + -135))?
-40
What is -9 + (-5 - (-16 + 22 + 17)) + -12?
-49
Calculate 17 + -34 + 16 - (-27 + 40).
-14
Calculate -5 - (0 - 4) - (-43 + 40) - 134 - 14.
-146
What is the value of -69 - 3 - (-3 + (-4 - (-9 - -3) - 10))?
-61
What is the value of (10 - -4) + -13 + (38 - 53)?
-14
What is the value of 19 + -1 - (4 + -11 + 69)?
-44
25 - (108 - 116) - 112
-79
What is the value of -50 + 19 + 12 - -67?
48
What is 11 + (-16 + 106 - 64)?
37
Calculate 83 - (-58 - (-107 - -61)).
95
What is the value of -6 + -76 + (-1290 - -1378)?
6
What is 183 + 141 + -308 + (-39 - 0)?
-23
Calculate 21 - (22 - (4 + (-7 - -1))).
-3
What is 130 + 2 - (787 + -728)?
73
10 + -2 + (334 - 269)
73
What is the value of 339 + -17 - 338 - ((0 - (10 + -1)) + -1)?
-6
What is 6 + 1 + 1 + (-24 - (-10 - 4))?
-2
Evaluate (15 - 54) + 3 + 1 + 17.
-18
What is the value of (-31 - -51 - 26) + 64 - -18?
76
Calculate (-45 - 4) + -13 + -12 + -14 + 27 + 23.
-38
Calculate -100 - (-52 - -27 - (-4 + -11)).
-90
Calculate (-7530 - -7543) + (72 - 0 - 2).
83
Evaluate 54 + -73 + 49 + -124.
-94
(-17 - (-24 - -7) - 6) + 7
1
1 - (2 - 5) - 11 - (78 - 72)
-13
What is the value of 53 + 66 + -110 + 7 + -6?
10
Evaluate 13 + 1 + 99 + -133 + 58.
38
(22 - -85 - 42 - 42) + -53
-30
What is (-75 - -3) + -13 + (-1 - -3 - 5)?
-88
Evaluate (-36 - (-28 - -6)) + 8 - 54.
-60
What is -15 - (14 + (18 - -2) + -33 + 2)?
-18
-26 + (19 - (9 + -33)) + 12 + -159
-130
What is the value of ((-17 - -10) + 17 - 4) + -26 + 1 - 3?
-22
What is (-189 - -47 - -93) + -4?
-53
What is 40 + -53 + ((7 - 4) + -7 - 2)?
-19
29 - (22 + (-57 - -62))
2
Calculate 73 + -80 - (-7 - (11 + -5)).
6
(0 - (3 + -3)) + (-150 - -151) + -97
-96
What is the value of (23 - 9) + -5 + 294 + -392?
-89
Evaluate -14 - -42 - -41 - (-35 - -35).
69
What is -4 + -160 + (12 - 7 - -8 - 0) - 3?
-154
What is (-36 - -2 - (2 - 1)) + 910 + -916?
-41
5 + -10 + (4 - 1 - (182 - 180)) + 9
5
What is -24 + (-5 - (16 + -37 + 14))?
-22
What is (-25 - -6) + 30 + (53 - 13)?
51
Evaluate -11 + -13 - (-8 - 5).
-11
27 + -44 + (-12 - 8) - (-2 + -1)
-34
Evaluate -67 + -64 + (-38 - -167) + -2 + 47 + -2.
41
25 - (-12 + 3 + -3 + -3 + 9)
31
(33 - -23 - 24) + -61
-29
Evaluate 11 - (16 - (63 + -74 + (2 - -7))).
-7
What is the value of 105 + (6 + (2 - -12) - 54)?
71
Evaluate 17 + (49 - 33) - 46.
-13
What is (-8 - 0) + (-2 - (-5 + 7 + (-5 - 4)))?
-3
Evaluate 6 + 7 + -1 + -13 + 6 - -42.
47
What is (-35 - -3 - -1 - -9) + (-2 - 1 - -12)?
-13
(83 - (125 + 20)) + 22 + 0
-40
What is -9 + ((19 - -2) + -9 - 48)?
-45
What is the value of (-37 - 58) + -109 - -109?
-95
What is the value of (-65 - -80) + 65 + -153?
-73
7 + -19 + 67 + 67 + -75
47
Evaluate (0 - 2 - ((-2 - -7 - 6) + 3)) + -50.
-54
What is 224 + -315 - (-169 + 5)?
73
What is the value of 44 + 40 + -100 + -2?
-18
Evaluate (55 - (15 + -16)) + -106.
-50
Evaluate -67 + 3 + 3 + -8 - (6 + -34 - -22).
-63
-91 + (-16 - -42) - -40
-25
Evaluate 29 + (0 + 1 - 0) + -18779 + 18787.
38
Calculate 108 + (-159 - -74) + -92.
-69
What is the value of 8 + -65 - (157 + -108)?
-106
What is 66 + (23 - (-25 - -13)) + 7?
108
Calculate -1738 + 1731 + (-1 - 0 - 5) - (-2 - -123).
-134
Evaluate (0 - 8 - -21) + -21 + (85 - -19).
96
What is (-51 - 1) + (28 - (-26 + 67))?
-65
Evaluate 0 - (2 - (-20 + 2 + 183 + -170)).
-7
What is the value of 60 + (25 - 22) + -37?
26
What is the value of 21 - (-33 + 26) - 9?
19
Calculate (-548 - -553) + 30 + 2 + 12.
49
Calculate -1 + 55 + 2 - (-25 - (-28 - (-11 - -7))).
57
(10 - (3 + 5 - -2) - -70) + 3
73
18 + 12 + 55 + -29
56
Calculate 1 + 4 + -221 + 203.
-13
What is (-5 - -1) + (42 - -70) + 14 + 1 - 3?
120
What is the value of 2 + -3 + 29 + -3 + 19 + 33 + -44?
33
Calculate (28 - 24) + (-31 - -15 - -9).
-3
What is -6 + -4 + 5 + (-73 - -51)?
-27
What is the value of 30 + 82 - (1 + -5 + -81 + 88)?
109
What is the value of 413 - 505 - (-1 - 142)?
51
Evaluate 39 + 3 - (-24 + 65 + -46).
47
(7 - (3 - 1)) + -632 + 649
22
-40 - (-9 + 9 + -12 - (-19 - -5))
-42
Evaluate -133 + (86 - -58) + -1 + 0 - (-15 - -1).
24
What is (43 - -7 - 63) + 36?
23
Evaluate -4 + -10 + 18 + -23 - -21 - -128.
130
Evaluate -1 + -3 + (-121 - -117) + 13 + (0 - 1).
4
Evaluate (3 - (15 - 3)) + 3606 + -3594.
3
Evaluate (1 - 10) + (-5 + -24 + -23 - 3).
-64
Calculate 18 - (-260 - -113 - -37).
128
Evaluate (19 + -16 - (1 + 4)) + -52 + (5 - 0).
-49
Calculate -4 + 41 - (-3 + (-2 - -5 - -13)).
24
17 + 2 + (-47 - (-29 + -2))
3
What is 74 - (72 + 3 + -78)?
77
What is the value of -7 + 0 + 2 - (11826 - 11967)?
136
Calculate (3 - 16) + -32 + (-36 - -7) + 17.
-57
What is the value of 19 + -109 + (-16 - -73)?
-33
Calculate 14 - ((53 - 20) + -40 - (2 - 14)).
9
What is the value of 51 - (19 + -30) - 59?
3
Calculate 2 - (8 - 8) - (-26 - -5) - -5.
28
-7 + (30 - -4) + 10 + (41 - 33)
45
Calculate (1 - 2) + 11 - (-3110 - -3112) - 68.
-60
What is -2 - -26 - (-76 + 69) - -12?
43
What is (3 + 3 + -5 + -4 - -84) + (45 - 53)?
73
-10 + 10 - (-11 + 66 + -5)
-50
Evaluate 16 - (-16 + (-37 - (-26 - 17))).
26
Calculate -56 + 103 + -69 + (-69 - 7 - 5).
-103
Evaluate 6 + -20 - (-24 - -8) - -54 - -7.
63
What is the value of 28 + -50 + (3 - (-2 + -7))?
-10
Evaluate -76 - (-15 + 72) - -172.
39
(35 + 13 - 18) + -15 + -5
10
What is 0 - 7 - (11 + 251 + -303 + 24 + -1)?
11
-48 - -1 - (-13 + -30 - -39) - -17
-26
What is the value of -27 + (-5 + -36 + 96 - 15)?
13
46 - (19 - (-11 + -3 - -24))
37
Calculate -10 - (6 + -6) - (53 + -3 - (16 - 6)).
-50
(-49 - (-25 - (41 + -4))) + -60 + -1
-48
150 + -169 + 84 + -94 + (-46 - 2)
-77
What is the value of 15 + -19 + 54 + -40?
10
Calculate (-4 + 17 + -4 - (24 - 3)) + -15.
-27
What is the value of 109 + (-7 + -23 - (197 - 189))?
71
Calculate 1 - 34 - (14 + 2 + (-8 - 4)).
-37
Calculate (-2 - -50) + -42 + (-5 - 0) + 87.
88
Evaluate 39 + (8 - 26) + (3 - (-2 - -11)) + 7.
22
Evaluate -93 - (-1 - 2) - (87 + (19 - 95)).
-101
-1389 + 1361 + (-21 - 2) - -27
-24
Calculate 42 + -2 - 14 - (112 + 3).
-89
Evaluate (0 - 2 - -1) + 9 - (-4083 - -4081).
10
Evaluate -45 + 17 + 21 - (-61 - (4 - 2)) - 2.
54
Calculate 41 + (-126 - -61) + 87.
63
Evaluate -3 + 6 - ((-24 - (23 - 84)) + -106).
72
Calculate -4 - -89 - ((-39 - -57) + -4 - 22).
93
Calculate 1 + -4 + (9 + 0 - 21).
-15
(-1 - (0 - 3) - (5 - 0)) + -4386 + 4410
21
-1 - 9 - (175 + -197 + -48 + -1)
61
What is the value of 62 + -99 - (-23 + 14 + 8)?
-36
11 - -31 - ((3 - (-1 - -5)) + -8)
51
What is 31 + -217 + 102 - 17?
-101
Calculate -17 - (13 + -52) - 0 - -2.
24
Calculate (-79 - -5) + -1 + 8 + -7 - (-27 + 14).
-61
(-7 - -1) + (36 + -14 - 14) + -5 + -37
-40
(-48 - (-48 - -45)) + 51 + (-5 - 0) + -1
0
What is 16 + (-25 - -31) + -29 + 77?
70
Calculate 90 + (4 - -20 - 18) + (-4 + 2 - 16).
78
(-2 - -2 - (12 - 10) - -4) + -105 + 45
-58
Evaluate 30 + 54 + (-3 - 52).
29
What is -48 + -17 - -26 - 51?
-90
What is the value of -22 + -7 - (24 + 52 - 53)?
-52
(-3 - 20) + (-52 - 8) + 66
-17
(4 - -46 - 26 - (12 - 1)) + (0 - -49)
62
What is the value of (53 - -1 - 82) + 53?
25
What is the value of 17 - (13 - (34 - (16 + -2 + -7)))?
31
What is -43 + 5 + -15 + -16 + 33?
-36
Calculate 60 + -1 + 2 + 574 + -564.
71
-19 + 12 + (58 - -18)
69
70 - ((85 - 194) + 62)
117
What is (9 - -10) + (4 + -9 + 3 - 9)?
8
What is 1004 - 984 - (1 - -10) - (19 + 1) - 18?
-29
What is the value of (15 + -5 + -47 - -15) + -21?
-43
Calculate 31 + -38 + -3 + (-19 - -5).
-24
Evaluate (-2 - 40) + (-185 - -163) - -25.
-39
What is -1 + 48 - ((19 - -1) + 18 + -37 - -9)?
37
Calculate 139 - (-23 - (-209 - -112)).
65
Evaluate 5 - (22 + -5) - (-43 + 38 - -40).
-47
Evaluate -28 + (25 - -28) + 15.
40
What is 32 - (-30 + 28) - 6?
28
What is the value of -1 + -20 - (-136 + (-25 - -76))?
64
(-3 + -10 - (1 + -20 + 11) - -8) + -53
-50
Calculate -3 - (39 + 0 + (46 + -34 - 20)).
-34
What is the value of 20 - (159 + -173 - ((4 + -4 - -1) + -8))?
27
1 + 88 + (-6 - ((12 - -9) + (-3 - 20)))
85
5 - (2 - 4) - (-332 - -337) - (-17 - -52)
-33
What is -138 + (13577 + -13591 - (1 - 2 - (0 + 14)))?
-137
Evaluate 0 + 11 + 2 + -17 - (-7 + 3).
0
What is the value of 9 - (-17 + (-21 - -44))?
3
Calculate -6 - (-50 - (-12 - -1 - (118 - 120))).
35
Calculate 15 - (-1 + 4) - (3 - -2) - -7.
14
Calculate